{"id":313,"date":"2021-07-21T11:57:21","date_gmt":"2021-07-21T11:57:21","guid":{"rendered":"https:\/\/misericordiadeseia.pt\/sad\/?post_type=servico&#038;p=313"},"modified":"2021-11-08T13:00:05","modified_gmt":"2021-11-08T13:00:05","slug":"servico-de-fisioterapia","status":"publish","type":"servico","link":"https:\/\/misericordiadeseia.pt\/sad\/servico\/servico-de-fisioterapia\/","title":{"rendered":"Fisioterapia"},"content":{"rendered":"<p class=\"p1\">O fisioterapeuta desloca-se ao domic\u00edlio e coloca em pr\u00e1tica o plano de reabilita\u00e7\u00e3o prescrito pelo m\u00e9dico fisiatra.<\/p>\n<p class=\"p1\">Este servi\u00e7o abrange cuidados como:<span class=\"Apple-converted-space\">\u00a0<\/span><\/p>\n<p class=\"p1\">&#8211; Realiza\u00e7\u00e3o de treino de marcha;<span class=\"Apple-converted-space\">\u00a0<\/span><\/p>\n<p>&#8211; Realiza\u00e7\u00e3o de treino de subir \/descer escadas;<\/p>\n<p class=\"p1\">&#8211; Fortalecimento muscular;<span class=\"Apple-converted-space\">\u00a0<\/span><\/p>\n<p class=\"p1\">&#8211; Treino de preven\u00e7\u00e3o de quedas;<\/p>\n<p class=\"p1\">&#8211; Corre\u00e7\u00e3o postural, entre outros.<span class=\"Apple-converted-space\">\u00a0<\/span><\/p>\n<p class=\"p1\">O servi\u00e7o pode atuar ao n\u00edvel da preven\u00e7\u00e3o e realiza\u00e7\u00e3o de tratamento a utentes com internamentos recentes ao n\u00edvel de interven\u00e7\u00f5es cir\u00fargicas, fraturas e diagn\u00f3sticos de AVC.<span class=\"Apple-converted-space\">\u00a0<\/span><\/p>\n","protected":false},"excerpt":{"rendered":"<p>A fisioterapia assume um papel importante na perman\u00eancia da pessoa idosa na sua pr\u00f3pria habita\u00e7\u00e3o.<\/p>\n","protected":false},"featured_media":446,"template":"","categories":[7],"class_list":["post-313","servico","type-servico","status-publish","has-post-thumbnail","hentry","category-cuidados-de-saude-diferenciados"],"acf":[],"yoast_head":"<!-- This site is optimized with the Yoast SEO plugin v24.5 - https:\/\/yoast.com\/wordpress\/plugins\/seo\/ -->\n<title>Fisioterapia - Miseric\u00f3rdia de Seia - SAD<\/title>\n<meta name=\"robots\" content=\"index, follow, max-snippet:-1, max-image-preview:large, max-video-preview:-1\" \/>\n<link rel=\"canonical\" href=\"https:\/\/misericordiadeseia.pt\/sad\/servico\/servico-de-fisioterapia\/\" \/>\n<meta property=\"og:locale\" content=\"pt_PT\" \/>\n<meta property=\"og:type\" content=\"article\" \/>\n<meta property=\"og:title\" content=\"Fisioterapia - Miseric\u00f3rdia de Seia - SAD\" \/>\n<meta property=\"og:description\" content=\"A fisioterapia assume um papel importante na perman\u00eancia da pessoa idosa na sua pr\u00f3pria habita\u00e7\u00e3o.\" \/>\n<meta property=\"og:url\" content=\"https:\/\/misericordiadeseia.pt\/sad\/servico\/servico-de-fisioterapia\/\" \/>\n<meta property=\"og:site_name\" content=\"Miseric\u00f3rdia de Seia - SAD\" \/>\n<meta property=\"article:modified_time\" content=\"2021-11-08T13:00:05+00:00\" \/>\n<meta property=\"og:image\" content=\"https:\/\/misericordiadeseia.pt\/sad\/wp-content\/uploads\/2021\/07\/MG_1801-scaled.jpg\" \/>\n\t<meta property=\"og:image:width\" content=\"2560\" \/>\n\t<meta property=\"og:image:height\" content=\"1707\" \/>\n\t<meta property=\"og:image:type\" content=\"image\/jpeg\" \/>\n<meta name=\"twitter:card\" content=\"summary_large_image\" \/>\n<meta name=\"twitter:label1\" content=\"Tempo estimado de leitura\" \/>\n\t<meta name=\"twitter:data1\" content=\"1 minuto\" \/>\n<script type=\"application\/ld+json\" class=\"yoast-schema-graph\">{\"@context\":\"https:\/\/schema.org\",\"@graph\":[{\"@type\":\"WebPage\",\"@id\":\"https:\/\/misericordiadeseia.pt\/sad\/servico\/servico-de-fisioterapia\/\",\"url\":\"https:\/\/misericordiadeseia.pt\/sad\/servico\/servico-de-fisioterapia\/\",\"name\":\"Fisioterapia - Miseric\u00f3rdia de Seia - SAD\",\"isPartOf\":{\"@id\":\"https:\/\/misericordiadeseia.pt\/sad\/#website\"},\"primaryImageOfPage\":{\"@id\":\"https:\/\/misericordiadeseia.pt\/sad\/servico\/servico-de-fisioterapia\/#primaryimage\"},\"image\":{\"@id\":\"https:\/\/misericordiadeseia.pt\/sad\/servico\/servico-de-fisioterapia\/#primaryimage\"},\"thumbnailUrl\":\"https:\/\/misericordiadeseia.pt\/sad\/wp-content\/uploads\/2021\/07\/MG_1801-scaled.jpg\",\"datePublished\":\"2021-07-21T11:57:21+00:00\",\"dateModified\":\"2021-11-08T13:00:05+00:00\",\"breadcrumb\":{\"@id\":\"https:\/\/misericordiadeseia.pt\/sad\/servico\/servico-de-fisioterapia\/#breadcrumb\"},\"inLanguage\":\"pt-PT\",\"potentialAction\":[{\"@type\":\"ReadAction\",\"target\":[\"https:\/\/misericordiadeseia.pt\/sad\/servico\/servico-de-fisioterapia\/\"]}]},{\"@type\":\"ImageObject\",\"inLanguage\":\"pt-PT\",\"@id\":\"https:\/\/misericordiadeseia.pt\/sad\/servico\/servico-de-fisioterapia\/#primaryimage\",\"url\":\"https:\/\/misericordiadeseia.pt\/sad\/wp-content\/uploads\/2021\/07\/MG_1801-scaled.jpg\",\"contentUrl\":\"https:\/\/misericordiadeseia.pt\/sad\/wp-content\/uploads\/2021\/07\/MG_1801-scaled.jpg\",\"width\":2560,\"height\":1707},{\"@type\":\"BreadcrumbList\",\"@id\":\"https:\/\/misericordiadeseia.pt\/sad\/servico\/servico-de-fisioterapia\/#breadcrumb\",\"itemListElement\":[{\"@type\":\"ListItem\",\"position\":1,\"name\":\"Home\",\"item\":\"https:\/\/misericordiadeseia.pt\/sad\/\"},{\"@type\":\"ListItem\",\"position\":2,\"name\":\"Fisioterapia\"}]},{\"@type\":\"WebSite\",\"@id\":\"https:\/\/misericordiadeseia.pt\/sad\/#website\",\"url\":\"https:\/\/misericordiadeseia.pt\/sad\/\",\"name\":\"Miseric\u00f3rdia de Seia - SAD\",\"description\":\"Servi\u00e7o de Apoio Domicili\u00e1rio\",\"publisher\":{\"@id\":\"https:\/\/misericordiadeseia.pt\/sad\/#organization\"},\"potentialAction\":[{\"@type\":\"SearchAction\",\"target\":{\"@type\":\"EntryPoint\",\"urlTemplate\":\"https:\/\/misericordiadeseia.pt\/sad\/?s={search_term_string}\"},\"query-input\":{\"@type\":\"PropertyValueSpecification\",\"valueRequired\":true,\"valueName\":\"search_term_string\"}}],\"inLanguage\":\"pt-PT\"},{\"@type\":\"Organization\",\"@id\":\"https:\/\/misericordiadeseia.pt\/sad\/#organization\",\"name\":\"Miseric\u00f3rdia de Seia - SAD\",\"url\":\"https:\/\/misericordiadeseia.pt\/sad\/\",\"logo\":{\"@type\":\"ImageObject\",\"inLanguage\":\"pt-PT\",\"@id\":\"https:\/\/misericordiadeseia.pt\/sad\/#\/schema\/logo\/image\/\",\"url\":\"https:\/\/misericordiadeseia.pt\/sad\/wp-content\/uploads\/2021\/07\/logo-santa-casa-horizontal.jpg\",\"contentUrl\":\"https:\/\/misericordiadeseia.pt\/sad\/wp-content\/uploads\/2021\/07\/logo-santa-casa-horizontal.jpg\",\"width\":1646,\"height\":445,\"caption\":\"Miseric\u00f3rdia de Seia - SAD\"},\"image\":{\"@id\":\"https:\/\/misericordiadeseia.pt\/sad\/#\/schema\/logo\/image\/\"}}]}<\/script>\n<!-- \/ Yoast SEO plugin. -->","yoast_head_json":{"title":"Fisioterapia - Miseric\u00f3rdia de Seia - SAD","robots":{"index":"index","follow":"follow","max-snippet":"max-snippet:-1","max-image-preview":"max-image-preview:large","max-video-preview":"max-video-preview:-1"},"canonical":"https:\/\/misericordiadeseia.pt\/sad\/servico\/servico-de-fisioterapia\/","og_locale":"pt_PT","og_type":"article","og_title":"Fisioterapia - Miseric\u00f3rdia de Seia - SAD","og_description":"A fisioterapia assume um papel importante na perman\u00eancia da pessoa idosa na sua pr\u00f3pria habita\u00e7\u00e3o.","og_url":"https:\/\/misericordiadeseia.pt\/sad\/servico\/servico-de-fisioterapia\/","og_site_name":"Miseric\u00f3rdia de Seia - SAD","article_modified_time":"2021-11-08T13:00:05+00:00","og_image":[{"width":2560,"height":1707,"url":"https:\/\/misericordiadeseia.pt\/sad\/wp-content\/uploads\/2021\/07\/MG_1801-scaled.jpg","type":"image\/jpeg"}],"twitter_card":"summary_large_image","twitter_misc":{"Tempo estimado de leitura":"1 minuto"},"schema":{"@context":"https:\/\/schema.org","@graph":[{"@type":"WebPage","@id":"https:\/\/misericordiadeseia.pt\/sad\/servico\/servico-de-fisioterapia\/","url":"https:\/\/misericordiadeseia.pt\/sad\/servico\/servico-de-fisioterapia\/","name":"Fisioterapia - Miseric\u00f3rdia de Seia - SAD","isPartOf":{"@id":"https:\/\/misericordiadeseia.pt\/sad\/#website"},"primaryImageOfPage":{"@id":"https:\/\/misericordiadeseia.pt\/sad\/servico\/servico-de-fisioterapia\/#primaryimage"},"image":{"@id":"https:\/\/misericordiadeseia.pt\/sad\/servico\/servico-de-fisioterapia\/#primaryimage"},"thumbnailUrl":"https:\/\/misericordiadeseia.pt\/sad\/wp-content\/uploads\/2021\/07\/MG_1801-scaled.jpg","datePublished":"2021-07-21T11:57:21+00:00","dateModified":"2021-11-08T13:00:05+00:00","breadcrumb":{"@id":"https:\/\/misericordiadeseia.pt\/sad\/servico\/servico-de-fisioterapia\/#breadcrumb"},"inLanguage":"pt-PT","potentialAction":[{"@type":"ReadAction","target":["https:\/\/misericordiadeseia.pt\/sad\/servico\/servico-de-fisioterapia\/"]}]},{"@type":"ImageObject","inLanguage":"pt-PT","@id":"https:\/\/misericordiadeseia.pt\/sad\/servico\/servico-de-fisioterapia\/#primaryimage","url":"https:\/\/misericordiadeseia.pt\/sad\/wp-content\/uploads\/2021\/07\/MG_1801-scaled.jpg","contentUrl":"https:\/\/misericordiadeseia.pt\/sad\/wp-content\/uploads\/2021\/07\/MG_1801-scaled.jpg","width":2560,"height":1707},{"@type":"BreadcrumbList","@id":"https:\/\/misericordiadeseia.pt\/sad\/servico\/servico-de-fisioterapia\/#breadcrumb","itemListElement":[{"@type":"ListItem","position":1,"name":"Home","item":"https:\/\/misericordiadeseia.pt\/sad\/"},{"@type":"ListItem","position":2,"name":"Fisioterapia"}]},{"@type":"WebSite","@id":"https:\/\/misericordiadeseia.pt\/sad\/#website","url":"https:\/\/misericordiadeseia.pt\/sad\/","name":"Miseric\u00f3rdia de Seia - SAD","description":"Servi\u00e7o de Apoio Domicili\u00e1rio","publisher":{"@id":"https:\/\/misericordiadeseia.pt\/sad\/#organization"},"potentialAction":[{"@type":"SearchAction","target":{"@type":"EntryPoint","urlTemplate":"https:\/\/misericordiadeseia.pt\/sad\/?s={search_term_string}"},"query-input":{"@type":"PropertyValueSpecification","valueRequired":true,"valueName":"search_term_string"}}],"inLanguage":"pt-PT"},{"@type":"Organization","@id":"https:\/\/misericordiadeseia.pt\/sad\/#organization","name":"Miseric\u00f3rdia de Seia - SAD","url":"https:\/\/misericordiadeseia.pt\/sad\/","logo":{"@type":"ImageObject","inLanguage":"pt-PT","@id":"https:\/\/misericordiadeseia.pt\/sad\/#\/schema\/logo\/image\/","url":"https:\/\/misericordiadeseia.pt\/sad\/wp-content\/uploads\/2021\/07\/logo-santa-casa-horizontal.jpg","contentUrl":"https:\/\/misericordiadeseia.pt\/sad\/wp-content\/uploads\/2021\/07\/logo-santa-casa-horizontal.jpg","width":1646,"height":445,"caption":"Miseric\u00f3rdia de Seia - SAD"},"image":{"@id":"https:\/\/misericordiadeseia.pt\/sad\/#\/schema\/logo\/image\/"}}]}},"_links":{"self":[{"href":"https:\/\/misericordiadeseia.pt\/sad\/wp-json\/wp\/v2\/servico\/313","targetHints":{"allow":["GET"]}}],"collection":[{"href":"https:\/\/misericordiadeseia.pt\/sad\/wp-json\/wp\/v2\/servico"}],"about":[{"href":"https:\/\/misericordiadeseia.pt\/sad\/wp-json\/wp\/v2\/types\/servico"}],"wp:featuredmedia":[{"embeddable":true,"href":"https:\/\/misericordiadeseia.pt\/sad\/wp-json\/wp\/v2\/media\/446"}],"wp:attachment":[{"href":"https:\/\/misericordiadeseia.pt\/sad\/wp-json\/wp\/v2\/media?parent=313"}],"wp:term":[{"taxonomy":"category","embeddable":true,"href":"https:\/\/misericordiadeseia.pt\/sad\/wp-json\/wp\/v2\/categories?post=313"}],"curies":[{"name":"wp","href":"https:\/\/api.w.org\/{rel}","templated":true}]}}

<p class="p1">O fisioterapeuta desloca-se ao domicílio e coloca em prática o plano de reabilitação prescrito pelo médico fisiatra.</p>
<p class="p1">Este serviço abrange cuidados como:<span class="Apple-converted-space"> </span></p>
<p class="p1">&#8211; Realização de treino de marcha;<span class="Apple-converted-space"> </span></p>
<p>&#8211; Realização de treino de subir /descer escadas;</p>
<p class="p1">&#8211; Fortalecimento muscular;<span class="Apple-converted-space"> </span></p>
<p class="p1">&#8211; Treino de prevenção de quedas;</p>
<p class="p1">&#8211; Correção postural, entre outros.<span class="Apple-converted-space"> </span></p>
<p class="p1">O serviço pode atuar ao nível da prevenção e realização de tratamento a utentes com internamentos recentes ao nível de intervenções cirúrgicas, fraturas e diagnósticos de AVC.<span class="Apple-converted-space"> </span></p>

<p>A fisioterapia assume um papel importante na permanência da pessoa idosa na sua própria habitação.</p>

<!-- This site is optimized with the Yoast SEO plugin v24.5 - https://yoast.com/wordpress/plugins/seo/ -->
<title>Fisioterapia - Misericórdia de Seia - SAD</title>
<meta name="robots" content="index, follow, max-snippet:-1, max-image-preview:large, max-video-preview:-1" />
<link rel="canonical" href="https://misericordiadeseia.pt/sad/servico/servico-de-fisioterapia/" />
<meta property="og:locale" content="pt_PT" />
<meta property="og:type" content="article" />
<meta property="og:title" content="Fisioterapia - Misericórdia de Seia - SAD" />
<meta property="og:description" content="A fisioterapia assume um papel importante na permanência da pessoa idosa na sua própria habitação." />
<meta property="og:url" content="https://misericordiadeseia.pt/sad/servico/servico-de-fisioterapia/" />
<meta property="og:site_name" content="Misericórdia de Seia - SAD" />
<meta property="article:modified_time" content="2021-11-08T13:00:05+00:00" />
<meta property="og:image" content="https://misericordiadeseia.pt/sad/wp-content/uploads/2021/07/MG_1801-scaled.jpg" />
	<meta property="og:image:width" content="2560" />
	<meta property="og:image:height" content="1707" />
	<meta property="og:image:type" content="image/jpeg" />
<meta name="twitter:card" content="summary_large_image" />
<meta name="twitter:label1" content="Tempo estimado de leitura" />
	<meta name="twitter:data1" content="1 minuto" />
<script type="application/ld+json" class="yoast-schema-graph">{"@context":"https://schema.org","@graph":[{"@type":"WebPage","@id":"https://misericordiadeseia.pt/sad/servico/servico-de-fisioterapia/","url":"https://misericordiadeseia.pt/sad/servico/servico-de-fisioterapia/","name":"Fisioterapia - Misericórdia de Seia - SAD","isPartOf":{"@id":"https://misericordiadeseia.pt/sad/#website"},"primaryImageOfPage":{"@id":"https://misericordiadeseia.pt/sad/servico/servico-de-fisioterapia/#primaryimage"},"image":{"@id":"https://misericordiadeseia.pt/sad/servico/servico-de-fisioterapia/#primaryimage"},"thumbnailUrl":"https://misericordiadeseia.pt/sad/wp-content/uploads/2021/07/MG_1801-scaled.jpg","datePublished":"2021-07-21T11:57:21+00:00","dateModified":"2021-11-08T13:00:05+00:00","breadcrumb":{"@id":"https://misericordiadeseia.pt/sad/servico/servico-de-fisioterapia/#breadcrumb"},"inLanguage":"pt-PT","potentialAction":[{"@type":"ReadAction","target":["https://misericordiadeseia.pt/sad/servico/servico-de-fisioterapia/"]}]},{"@type":"ImageObject","inLanguage":"pt-PT","@id":"https://misericordiadeseia.pt/sad/servico/servico-de-fisioterapia/#primaryimage","url":"https://misericordiadeseia.pt/sad/wp-content/uploads/2021/07/MG_1801-scaled.jpg","contentUrl":"https://misericordiadeseia.pt/sad/wp-content/uploads/2021/07/MG_1801-scaled.jpg","width":2560,"height":1707},{"@type":"BreadcrumbList","@id":"https://misericordiadeseia.pt/sad/servico/servico-de-fisioterapia/#breadcrumb","itemListElement":[{"@type":"ListItem","position":1,"name":"Home","item":"https://misericordiadeseia.pt/sad/"},{"@type":"ListItem","position":2,"name":"Fisioterapia"}]},{"@type":"WebSite","@id":"https://misericordiadeseia.pt/sad/#website","url":"https://misericordiadeseia.pt/sad/","name":"Misericórdia de Seia - SAD","description":"Serviço de Apoio Domiciliário","publisher":{"@id":"https://misericordiadeseia.pt/sad/#organization"},"potentialAction":[{"@type":"SearchAction","target":{"@type":"EntryPoint","urlTemplate":"https://misericordiadeseia.pt/sad/?s={search_term_string}"},"query-input":{"@type":"PropertyValueSpecification","valueRequired":true,"valueName":"search_term_string"}}],"inLanguage":"pt-PT"},{"@type":"Organization","@id":"https://misericordiadeseia.pt/sad/#organization","name":"Misericórdia de Seia - SAD","url":"https://misericordiadeseia.pt/sad/","logo":{"@type":"ImageObject","inLanguage":"pt-PT","@id":"https://misericordiadeseia.pt/sad/#/schema/logo/image/","url":"https://misericordiadeseia.pt/sad/wp-content/uploads/2021/07/logo-santa-casa-horizontal.jpg","contentUrl":"https://misericordiadeseia.pt/sad/wp-content/uploads/2021/07/logo-santa-casa-horizontal.jpg","width":1646,"height":445,"caption":"Misericórdia de Seia - SAD"},"image":{"@id":"https://misericordiadeseia.pt/sad/#/schema/logo/image/"}}]}</script>
<!-- / Yoast SEO plugin. -->

Fisioterapia - Misericórdia de Seia - SAD

A fisioterapia assume um papel importante na permanência da pessoa idosa na sua própria habitação.

Misericórdia de Seia - SAD

Serviço de Apoio Domiciliário
